{"id":5,"date":"2023-06-27T11:47:03","date_gmt":"2023-06-27T11:47:03","guid":{"rendered":"https:\/\/www.hairartist.ch\/?page_id=5"},"modified":"2023-09-19T10:08:52","modified_gmt":"2023-09-19T10:08:52","slug":"home","status":"publish","type":"page","link":"https:\/\/www.hairartist.ch\/","title":{"rendered":"Home"},"content":{"rendered":"<p>[et_pb_section fb_built=&#8221;1&#8243; _builder_version=&#8221;4.21.0&#8243; _module_preset=&#8221;default&#8221; background_enable_color=&#8221;off&#8221; background_image=&#8221;https:\/\/www.hairartist.ch\/wp-content\/uploads\/2023\/06\/Untitled-design-32-1024&#215;683.png&#8221; min_height=&#8221;800px&#8221; global_colors_info=&#8221;{}&#8221;][et_pb_row _builder_version=&#8221;4.20.4&#8243; _module_preset=&#8221;default&#8221; global_colors_info=&#8221;{}&#8221;][et_pb_column type=&#8221;4_4&#8243; _builder_version=&#8221;4.20.4&#8243; _module_preset=&#8221;default&#8221; global_colors_info=&#8221;{}&#8221;][et_pb_image src=&#8221;https:\/\/www.hairartist.ch\/wp-content\/uploads\/2023\/06\/Pink-Hairartist-Business-Card-11-\u00d7-8cm-8-2.png&#8221; title_text=&#8221;Pink Hairartist Business Card (11 \u00d7 8cm) (8)&#8221; align=&#8221;center&#8221; _builder_version=&#8221;4.20.4&#8243; _module_preset=&#8221;default&#8221; global_colors_info=&#8221;{}&#8221;][\/et_pb_image][\/et_pb_column][\/et_pb_row][\/et_pb_section][et_pb_section fb_built=&#8221;1&#8243; specialty=&#8221;on&#8221; _builder_version=&#8221;4.20.4&#8243; _module_preset=&#8221;default&#8221; background_color=&#8221;#fffbea&#8221; custom_padding=&#8221;51px|||||&#8221; global_colors_info=&#8221;{}&#8221;][et_pb_column type=&#8221;1_2&#8243; _builder_version=&#8221;4.16&#8243; custom_padding=&#8221;|||&#8221; global_colors_info=&#8221;{}&#8221; custom_padding__hover=&#8221;|||&#8221;][et_pb_image src=&#8221;https:\/\/www.hairartist.ch\/wp-content\/uploads\/2023\/09\/IMGP7457-scaled.jpg&#8221; title_text=&#8221;IMGP7457&#8243; _builder_version=&#8221;4.21.0&#8243; _module_preset=&#8221;default&#8221; scroll_fade_enable=&#8221;on&#8221; hover_enabled=&#8221;0&#8243; border_radii=&#8221;on|20px|20px|20px|20px&#8221; border_width_all=&#8221;1px&#8221; global_colors_info=&#8221;{}&#8221; sticky_enabled=&#8221;0&#8243;][\/et_pb_image][\/et_pb_column][et_pb_column type=&#8221;1_2&#8243; specialty_columns=&#8221;2&#8243; _builder_version=&#8221;4.16&#8243; custom_padding=&#8221;|||&#8221; global_colors_info=&#8221;{}&#8221; custom_padding__hover=&#8221;|||&#8221;][et_pb_row_inner _builder_version=&#8221;4.20.4&#8243; _module_preset=&#8221;default&#8221; global_colors_info=&#8221;{}&#8221;][et_pb_column_inner saved_specialty_column_type=&#8221;1_2&#8243; _builder_version=&#8221;4.20.4&#8243; _module_preset=&#8221;default&#8221; global_colors_info=&#8221;{}&#8221;][et_pb_text _builder_version=&#8221;4.21.0&#8243; _module_preset=&#8221;default&#8221; global_colors_info=&#8221;{}&#8221;]<\/p>\n<h1>\u00dcber Mich &amp; Mein Konzept<\/h1>\n<p>Nach 17 Jahren mit einem Fixen Salon im Herzen der Stadt Basel, habe ich mich auf Grund der Nachfrage, f\u00fcr mein neues Konzept<br \/>HAIRARTIST ON THE MOVE entschieden.<\/p>\n<p>Ich kann auf 40 Jahre Berufserfahrung zur\u00fcckblicken. Diverse Weiterbildungen habe ich in verschiedenen St\u00e4dten Europas wie Paris , Barcelona , M\u00fcnchen , Luzern , Z\u00fcrich etc. genossen und tue dies weiterhin.<\/p>\n<p>Mit erlesenen Produkten der Firma La Biosth\u00e9tique verw\u00f6hne ich Ihr Haar und begleite Sie mit Ihrer neuen Frisur mit Stylingtipps und Pflegeprodukten.<\/p>\n<p>&nbsp;<\/p>\n<h1>Wieso Hairartist ?<\/h1>\n<p>Haben Sie jemals davon getr\u00e4umt, Ihre Haare perfekt gestylt zu bekommen, w\u00e4hrend Sie in Ihrer Lieblingskuscheldecke auf dem Sofa liegen? Nun, Ihre Haartr\u00e4ume werden wahr! Ich liefere den Coiffure-Service direkt an Ihre Haust\u00fcr und bringe Glamour in Ihre vier W\u00e4nde.<\/p>\n<p>Mit meinem Service m\u00fcssen Sie keinen nervigen Parkplatz suchen oder den Kampf mit Wind und Regen wagen. Ich komme zu Ihnen, egal ob Sie im Pyjama, in Jogginghosen oder mit Kaffeeflecken auf Ihrem Shirt herumlungern &#8211; Ich urteile nicht, ich style!<\/p>\n<p>Mein Ziel ist es, Ihnen ein L\u00e4cheln ins Gesicht zu zaubern und Ihre Haare zum H\u00fcpfen zu bringen. Egal, ob Sie eine wild-wirbelnde Lockenm\u00e4hne, einen strahlenden Regenbogenhaarschopf oder einen bezaubernden neuen Look w\u00fcnschen &#8211; ich verwandle Ihre Haare in wahre Kunstwerke.<\/p>\n<p>Ob Manicure, Cut&amp;Go, mit mir haben Sie eine flexible Partnerin in Sachen Hair &amp; Beauty.<\/p>\n<p>Lassen Sie den Spa\u00df in Ihr Leben und auf Ihren Kopf &#8211; kontaktieren Sie mich noch heute, um einen Termin zu vereinbaren. Ich verspreche, dass mein Coiffure-Service f\u00fcr Sie unvergesslich sein wird!<\/p>\n<p>&#8220;Ich bin hier, um Ihre Haare und Ihre Lachmuskeln zu verw\u00f6hnen!&#8221;<\/p>\n<p>[\/et_pb_text][et_pb_button button_url=&#8221;@ET-DC@eyJkeW5hbWljIjp0cnVlLCJjb250ZW50IjoicG9zdF9saW5rX3VybF9wYWdlIiwic2V0dGluZ3MiOnsicG9zdF9pZCI6IjExMSJ9fQ==@&#8221; button_text=&#8221;KONTAKT&#8221; _builder_version=&#8221;4.21.0&#8243; _dynamic_attributes=&#8221;button_url&#8221; _module_preset=&#8221;default&#8221; global_colors_info=&#8221;{}&#8221;][\/et_pb_button][\/et_pb_column_inner][\/et_pb_row_inner][\/et_pb_column][\/et_pb_section][et_pb_section fb_built=&#8221;1&#8243; _builder_version=&#8221;4.20.4&#8243; _module_preset=&#8221;default&#8221; background_color=&#8221;#e62d9f&#8221; background_enable_image=&#8221;off&#8221; background_size=&#8221;contain&#8221; background_position=&#8221;bottom_right&#8221; width_last_edited=&#8221;off|desktop&#8221; module_alignment=&#8221;center&#8221; custom_margin=&#8221;||||false|false&#8221; custom_padding=&#8221;0px||0px||false|false&#8221; global_colors_info=&#8221;{}&#8221;][et_pb_row _builder_version=&#8221;4.20.4&#8243; _module_preset=&#8221;default&#8221; global_colors_info=&#8221;{}&#8221;][et_pb_column type=&#8221;4_4&#8243; _builder_version=&#8221;4.20.4&#8243; _module_preset=&#8221;default&#8221; global_colors_info=&#8221;{}&#8221;][et_pb_slider _builder_version=&#8221;4.20.4&#8243; _module_preset=&#8221;default&#8221; auto=&#8221;on&#8221; auto_speed=&#8221;3000&#8243; global_colors_info=&#8221;{}&#8221;][et_pb_slide use_bg_overlay=&#8221;off&#8221; use_text_overlay=&#8221;off&#8221; _builder_version=&#8221;4.20.4&#8243; _module_preset=&#8221;default&#8221; background_image=&#8221;https:\/\/www.hairartist.ch\/wp-content\/uploads\/2023\/06\/manupage1.jpg&#8221; background_enable_image=&#8221;on&#8221; custom_padding=&#8221;400px||||false|false&#8221; global_colors_info=&#8221;{}&#8221; sticky_transition=&#8221;on&#8221;][\/et_pb_slide][et_pb_slide use_bg_overlay=&#8221;off&#8221; use_text_overlay=&#8221;off&#8221; _builder_version=&#8221;4.20.4&#8243; _module_preset=&#8221;default&#8221; background_image=&#8221;https:\/\/www.hairartist.ch\/wp-content\/uploads\/2023\/06\/manu5-1-scaled.jpg&#8221; background_enable_image=&#8221;on&#8221; custom_padding=&#8221;400px||||false|false&#8221; global_colors_info=&#8221;{}&#8221; sticky_transition=&#8221;on&#8221;][\/et_pb_slide][et_pb_slide _builder_version=&#8221;4.20.4&#8243; _module_preset=&#8221;default&#8221; background_image=&#8221;https:\/\/www.hairartist.ch\/wp-content\/uploads\/2023\/06\/manu11-scaled.jpg&#8221; background_enable_image=&#8221;on&#8221; global_colors_info=&#8221;{}&#8221; sticky_transition=&#8221;on&#8221;][\/et_pb_slide][et_pb_slide _builder_version=&#8221;4.20.4&#8243; _module_preset=&#8221;default&#8221; background_image=&#8221;https:\/\/www.hairartist.ch\/wp-content\/uploads\/2023\/06\/manu12.png&#8221; background_enable_image=&#8221;on&#8221; global_colors_info=&#8221;{}&#8221; sticky_transition=&#8221;on&#8221;][\/et_pb_slide][et_pb_slide _builder_version=&#8221;4.20.4&#8243; _module_preset=&#8221;default&#8221; background_image=&#8221;https:\/\/www.hairartist.ch\/wp-content\/uploads\/2023\/06\/manu13.png&#8221; background_enable_image=&#8221;on&#8221; global_colors_info=&#8221;{}&#8221; sticky_transition=&#8221;on&#8221;][\/et_pb_slide][et_pb_slide _builder_version=&#8221;4.20.4&#8243; _module_preset=&#8221;default&#8221; background_image=&#8221;https:\/\/www.hairartist.ch\/wp-content\/uploads\/2023\/06\/manu6-1-scaled.jpg&#8221; background_enable_image=&#8221;on&#8221; global_colors_info=&#8221;{}&#8221; sticky_transition=&#8221;on&#8221;][\/et_pb_slide][et_pb_slide _builder_version=&#8221;4.20.4&#8243; _module_preset=&#8221;default&#8221; background_image=&#8221;https:\/\/www.hairartist.ch\/wp-content\/uploads\/2023\/06\/manu14.png&#8221; background_enable_image=&#8221;on&#8221; global_colors_info=&#8221;{}&#8221; sticky_transition=&#8221;on&#8221;][\/et_pb_slide][et_pb_slide _builder_version=&#8221;4.20.4&#8243; _module_preset=&#8221;default&#8221; background_image=&#8221;https:\/\/www.hairartist.ch\/wp-content\/uploads\/2023\/06\/manu3.jpg&#8221; background_enable_image=&#8221;on&#8221; global_colors_info=&#8221;{}&#8221; sticky_transition=&#8221;on&#8221;][\/et_pb_slide][et_pb_slide _builder_version=&#8221;4.20.4&#8243; _module_preset=&#8221;default&#8221; background_image=&#8221;https:\/\/www.hairartist.ch\/wp-content\/uploads\/2023\/06\/manu-8-scaled.jpg&#8221; background_enable_image=&#8221;on&#8221; global_colors_info=&#8221;{}&#8221; sticky_transition=&#8221;on&#8221;][\/et_pb_slide][et_pb_slide _builder_version=&#8221;4.20.4&#8243; _module_preset=&#8221;default&#8221; background_image=&#8221;https:\/\/www.hairartist.ch\/wp-content\/uploads\/2023\/06\/manu15.png&#8221; background_enable_image=&#8221;on&#8221; global_colors_info=&#8221;{}&#8221; sticky_transition=&#8221;on&#8221;][\/et_pb_slide][et_pb_slide _builder_version=&#8221;4.20.4&#8243; _module_preset=&#8221;default&#8221; background_image=&#8221;https:\/\/www.hairartist.ch\/wp-content\/uploads\/2023\/06\/manu-1-scaled.jpg&#8221; background_enable_image=&#8221;on&#8221; global_colors_info=&#8221;{}&#8221; sticky_transition=&#8221;on&#8221;][\/et_pb_slide][\/et_pb_slider][\/et_pb_column][\/et_pb_row][\/et_pb_section][et_pb_section fb_built=&#8221;1&#8243; _builder_version=&#8221;4.19.2&#8243; _module_preset=&#8221;default&#8221; background_color=&#8221;#fffbea&#8221; global_colors_info=&#8221;{}&#8221;][et_pb_row _builder_version=&#8221;4.20.4&#8243; _module_preset=&#8221;default&#8221; global_colors_info=&#8221;{}&#8221;][et_pb_column type=&#8221;4_4&#8243; _builder_version=&#8221;4.20.4&#8243; _module_preset=&#8221;default&#8221; global_colors_info=&#8221;{}&#8221;][et_pb_text _builder_version=&#8221;4.20.4&#8243; _module_preset=&#8221;default&#8221; header_text_align=&#8221;center&#8221; global_colors_info=&#8221;{}&#8221;]<\/p>\n<h1>Was Kunden sagen<\/h1>\n<p>[\/et_pb_text][\/et_pb_column][\/et_pb_row][et_pb_row column_structure=&#8221;1_2,1_2&#8243; _builder_version=&#8221;4.19.2&#8243; _module_preset=&#8221;default&#8221; global_colors_info=&#8221;{}&#8221;][et_pb_column type=&#8221;1_2&#8243; _builder_version=&#8221;4.19.2&#8243; _module_preset=&#8221;default&#8221; global_colors_info=&#8221;{}&#8221;][et_pb_icon font_icon=&#8221;&#xf10d;||fa||900&#8243; icon_color=&#8221;gcid-77ec331f-6e38-4703-81e5-732034e538f2&#8243; icon_width=&#8221;40px&#8221; align=&#8221;left&#8221; _builder_version=&#8221;4.19.1&#8243; _module_preset=&#8221;default&#8221; locked=&#8221;off&#8221; global_colors_info=&#8221;{%22gcid-77ec331f-6e38-4703-81e5-732034e538f2%22:%91%22icon_color%22%93}&#8221;][\/et_pb_icon][et_pb_text _builder_version=&#8221;4.20.4&#8243; _module_preset=&#8221;4be99822-dde5-454d-bc35-0e4ce7394273&#8243; custom_margin=&#8221;||30px||false|false&#8221; locked=&#8221;off&#8221; global_colors_info=&#8221;{}&#8221;]<\/p>\n<p>&#8220;Manuela ist eine absolute Farbzauberin! Ihr Talent und ihre Pr\u00e4zision beim Haarf\u00e4rben sind einfach unglaublich. Ich bin begeistert von der brillanten Farbe, die sie in meine Haare gezaubert hat. Eine wahre K\u00fcnstlerin!&#8221;<\/p>\n<p>[\/et_pb_text][et_pb_icon font_icon=&#8221;&#xf10d;||fa||900&#8243; icon_color=&#8221;gcid-77ec331f-6e38-4703-81e5-732034e538f2&#8243; icon_width=&#8221;40px&#8221; align=&#8221;left&#8221; _builder_version=&#8221;4.19.1&#8243; _module_preset=&#8221;default&#8221; locked=&#8221;off&#8221; global_colors_info=&#8221;{%22gcid-77ec331f-6e38-4703-81e5-732034e538f2%22:%91%22icon_color%22%93}&#8221;][\/et_pb_icon][et_pb_text _builder_version=&#8221;4.20.4&#8243; _module_preset=&#8221;4be99822-dde5-454d-bc35-0e4ce7394273&#8243; custom_margin=&#8221;||30px||false|false&#8221; locked=&#8221;off&#8221; global_colors_info=&#8221;{}&#8221;]<\/p>\n<p>&#8220;Ich hatte das Vergn\u00fcgen, von Hairartist meine Haare stylen zu lassen, und ich bin absolut begeistert! Ihre Professionalit\u00e4t und ihr Fachwissen sind beeindruckend. Sie nahm sich die Zeit, um meine W\u00fcnsche zu verstehen und gab hilfreiche Vorschl\u00e4ge basierend auf meinem Haartyp und meiner Gesichtsform. Das Endergebnis war einfach atemberaubend &#8211; eine Frisur, die perfekt zu mir passte und mein Selbstvertrauen auf ein neues Level brachte. Dar\u00fcber hinaus war die gesamte Erfahrung angenehm und entspannend, da sie ein hervorragendes Auge f\u00fcr Details und eine freundliche Pers\u00f6nlichkeit hat. Ich kann Hairartist uneingeschr\u00e4nkt empfehlen und freue mich bereits auf meinen n\u00e4chsten Termin!&#8221;<\/p>\n<p>[\/et_pb_text][\/et_pb_column][et_pb_column type=&#8221;1_2&#8243; _builder_version=&#8221;4.19.2&#8243; _module_preset=&#8221;default&#8221; global_colors_info=&#8221;{}&#8221;][et_pb_icon font_icon=&#8221;&#xf10d;||fa||900&#8243; icon_color=&#8221;gcid-77ec331f-6e38-4703-81e5-732034e538f2&#8243; icon_width=&#8221;40px&#8221; align=&#8221;left&#8221; _builder_version=&#8221;4.19.1&#8243; _module_preset=&#8221;default&#8221; locked=&#8221;off&#8221; global_colors_info=&#8221;{%22gcid-77ec331f-6e38-4703-81e5-732034e538f2%22:%91%22icon_color%22%93}&#8221;][\/et_pb_icon][et_pb_text _builder_version=&#8221;4.20.4&#8243; _module_preset=&#8221;4be99822-dde5-454d-bc35-0e4ce7394273&#8243; custom_margin=&#8221;||30px||false|false&#8221; locked=&#8221;off&#8221; global_colors_info=&#8221;{}&#8221;]<\/p>\n<p>&#8220;Frau Schneider hat meinen Haarschnitt auf ein neues Level gebracht! Sie hat mein Aussehen mit ihrem Talent und ihrer Expertise perfektioniert. Ein gro\u00dfartiger Haarschnitt, der meinen Stil und meine Pers\u00f6nlichkeit unterstreicht. Absolut empfehlenswert!&#8221;<\/p>\n<p>[\/et_pb_text][et_pb_icon font_icon=&#8221;&#xf10d;||fa||900&#8243; icon_color=&#8221;gcid-77ec331f-6e38-4703-81e5-732034e538f2&#8243; icon_width=&#8221;40px&#8221; align=&#8221;left&#8221; _builder_version=&#8221;4.19.1&#8243; _module_preset=&#8221;default&#8221; locked=&#8221;off&#8221; global_colors_info=&#8221;{%22gcid-77ec331f-6e38-4703-81e5-732034e538f2%22:%91%22icon_color%22%93}&#8221;][\/et_pb_icon][et_pb_text _builder_version=&#8221;4.21.0&#8243; _module_preset=&#8221;4be99822-dde5-454d-bc35-0e4ce7394273&#8243; custom_margin=&#8221;||30px||false|false&#8221; locked=&#8221;off&#8221; global_colors_info=&#8221;{}&#8221;]<\/p>\n<p>&#8220;Ich bin \u00fcbergl\u00fccklich, dass ich Frau Schneider f\u00fcr Hausbesuche bei meiner geliebten Gro\u00dfmutter gebucht habe. Ihre einf\u00fchlsame und liebevolle Art im Umgang mit \u00e4lteren Menschen hat uns alle beeindruckt. Sie nahm sich die Zeit, um die Bed\u00fcrfnisse und Vorlieben meiner Gro\u00dfmutter zu verstehen und zauberte eine wundersch\u00f6ne Frisur, die sie zum Strahlen brachte. Die Professionalit\u00e4t und das Geschick von Manuela Schneider waren beeindruckend, und sie sorgte daf\u00fcr, dass sich meine Gro\u00dfmutter w\u00e4hrend des gesamten Termins wohl und entspannt f\u00fchlte. Es ist beruhigend zu wissen, dass es solche f\u00fcrsorglichen Menschen gibt, die ihren Service anbieten. Wir sind ihr unendlich dankbar und k\u00f6nnen Hairartist w\u00e4rmstens empfehlen, insbesondere f\u00fcr \u00e4ltere Menschen, die den Komfort ihres eigenen Zuhauses sch\u00e4tzen.&#8221;<\/p>\n<p>[\/et_pb_text][\/et_pb_column][\/et_pb_row][\/et_pb_section]<\/p>\n","protected":false},"excerpt":{"rendered":"<p>\u00dcber Mich &amp; Mein Konzept Nach 17 Jahren mit einem Fixen Salon im Herzen der Stadt Basel, habe ich mich auf Grund der Nachfrage, f\u00fcr mein neues KonzeptHAIRARTIST ON THE MOVE entschieden. Ich kann auf 40 Jahre Berufserfahrung zur\u00fcckblicken. Diverse Weiterbildungen habe ich in verschiedenen St\u00e4dten Europas wie Paris , Barcelona , M\u00fcnchen , Luzern [&hellip;]<\/p>\n","protected":false},"author":1,"featured_media":0,"parent":0,"menu_order":0,"comment_status":"closed","ping_status":"closed","template":"","meta":{"_et_pb_use_builder":"on","_et_pb_old_content":"","_et_gb_content_width":"","footnotes":""},"class_list":["post-5","page","type-page","status-publish","hentry"],"_links":{"self":[{"href":"https:\/\/www.hairartist.ch\/index.php?rest_route=\/wp\/v2\/pages\/5","targetHints":{"allow":["GET"]}}],"collection":[{"href":"https:\/\/www.hairartist.ch\/index.php?rest_route=\/wp\/v2\/pages"}],"about":[{"href":"https:\/\/www.hairartist.ch\/index.php?rest_route=\/wp\/v2\/types\/page"}],"author":[{"embeddable":true,"href":"https:\/\/www.hairartist.ch\/index.php?rest_route=\/wp\/v2\/users\/1"}],"replies":[{"embeddable":true,"href":"https:\/\/www.hairartist.ch\/index.php?rest_route=%2Fwp%2Fv2%2Fcomments&post=5"}],"version-history":[{"count":62,"href":"https:\/\/www.hairartist.ch\/index.php?rest_route=\/wp\/v2\/pages\/5\/revisions"}],"predecessor-version":[{"id":345,"href":"https:\/\/www.hairartist.ch\/index.php?rest_route=\/wp\/v2\/pages\/5\/revisions\/345"}],"wp:attachment":[{"href":"https:\/\/www.hairartist.ch\/index.php?rest_route=%2Fwp%2Fv2%2Fmedia&parent=5"}],"curies":[{"name":"wp","href":"https:\/\/api.w.org\/{rel}","templated":true}]}}